p) = p - 2. Let z = -47 + 42. Determine i(z).
-7
Let a(m) be the first derivative of m**3/2 + m**2 + 2*m + 2. Let w(g) be the first derivative of a(g). Give w(-4).
-10
Suppose 3*b - 3 + 10 = o, 0 = 5*o - 20. Let i(c) = -6*c**3 + 2*c**2 + c. What is i(b)?
7
Let c(b) = 3*b. Let r = -2 - -5. Let f(m) be the first derivative of m**3/3 - m**2 - 4*m + 3. Let g be f(r). Calculate c(g).
-3
Let z(c) = -5*c + 0*c - 5*c**2 + 4*c - 5 - 4*c + c**3. Suppose -q = -2*x - 6*q - 13, 0 = -2*x - q + 7. Determine z(x).
1
Let c(s) = s**2 + 5*s + 7. Let o be c(-3). Let q(r) = 4*r**3. Give q(o).
4
Let l(f) = f**2 - 2*f - 2. Let q be l(-2). Let t = -6 + q. Let h(c) = -c**3 - c**2 - 4. What is h(t)?
-4
Suppose 5*o - 2*i = 1, 5*o + 0 = i - 2. Let y(x) = -1 - 7*x + 7*x**2 + x + 6*x. Give y(o).
6
Let s(p) be the second derivative of p**5/20 - p**4/12 - p**3/3 + 41*p. Calculate s(-2).
-8
Let g(t) = -3*t - 2. Suppose -2*n - 1 = 5. What is g(n)?
7
Let n(j) = 4*j**2 + 3*j. Let u(x) = 3*x**2 + 2*x. Let d(k) = -5*n(k) + 7*u(k). Let a = -5 + 5. Determine d(a).
0
Suppose -r + 8 = -5*r. Let l(f) = 0 - 3 + 1 + 2*f. Calculate l(r).
-6
Let v(p) be the first derivative of -2*p**2 - 5. Let d be 4/(-24) - (-14)/12. Calculate v(d).
-4
Let q(y) be the third derivative of 0*y**3 - 1/4*y**4 + 1/60*y**5 + 0 + 2*y**2 + 0*y. What is q(5)?
-5
Let q(d) = -1 + 5 - 3. Let v(p) = -p - 7. Let z(n) = 3*q(n) + v(n). Let a be (-28)/(-6) - (-2)/(-3). Give z(a).
-8
Let f be 4/(-14) - (-60)/14. Suppose f*b = -4*z, -6*b = -b - 2*z + 14. Let a(i) = -i**3 - 2*i**2 - i. What is a(b)?
2
Let v(t) = 2*t + 6. Let c = -1 - -1. Suppose -4 = -u - c. Suppose 3*y + 16 - u = -5*h, 0 = 5*y - 3*h + 20. Calculate v(y).
-2
Let f(k) be the third derivative of -k**5/60 + 3*k**4/8 - k**3/3 + 4*k**2. Calculate f(4).
18
Let n(r) be the third derivative of -r**5/60 - 7*r**4/24 - 2*r**3/3 + 47*r**2. What is n(-7)?
-4
Let x(r) = r**2 + 2*r**2 - 6*r - 4*r**2 - 4. What is x(-5)?
1
Let q(v) = 3*v - 6*v + 2*v - 3 - 4. Let i = -6 + 0. Calculate q(i).
-1
Let h(f) be the first derivative of -f**3 - 2*f**2 - 2*f - 14. Give h(-2).
-6
Let f(y) = -3*y - 10. Let j be f(-5). Suppose 4*w - j = 3. Let c(g) = 3*g**2 - g**2 - 3*g**w - 4 + 2*g**2 - 4*g. What is c(6)?
8
Let v be -2 + 2 + (-2 - 10/(-4)). Let t(h) be the first derivative of -5*h + v*h**2 - 1. What is t(4)?
-1
Let g(b) = -b**2 + b + 1. Let p = -18 + 14. Give g(p).
-19
Let u(m) be the first derivative of m**4/4 + 5*m**3/3 - 4*m**2 - 6*m - 5. What is u(-6)?
6
Let g(w) = 5*w. Let c be g(1). Suppose -4*a - 19 = -4*m + 1, -c*a + 4*m - 20 = 0. Let x be (-1)/1*(3 - a). Let k(n) = -4*n - 1. Give k(x).
11
Let v = 1 + -1. Suppose v = 2*a + 2*a - 36. Let q = -13 + a. Let s(l) = l - 3. What is s(q)?
-7
Suppose -49 = 12*x - 19*x. Let l(s) = s - 9. What is l(x)?
-2
Suppose 0 = 3*c - i - 3, -c + 15 = -4*c - 5*i. Suppose 4*t - 16 = 4. Suppose t = w - c*w. Let l(n) = -n**3 + 6*n**2 - 6*n. Determine l(w).
-5
Let x(z) = -z**3 - 5*z**2 - 2*z - 4. Let d be 6/27 - 282/54. Give x(d).
6
Let g(z) = -6*z**2 - z**3 - 9 + 3*z + 5*z**3 - 3*z**3. Calculate g(6).
9
Let g(n) = -n**3 + 4*n**2 - 4*n + 3. Let c be 2/(-6) + 80/6. Suppose -l + w = -4*l + c, 0 = w - 4. Determine g(l).
0
Suppose 4*z + 4 = 6*z. Let i be 0 + 2 - (-1)/1. Let r(k) = 11*k - 7*k - k**i - 4 - 1 - 3*k**z. Calculate r(-4).
-5
Let f(a) = -2*a + 2. Let b(q) = -q**2 - 5*q - 3. Let k be b(-2). Determine f(k).
-4
Let c(l) = l**3 - 3*l**2 + l + 2. Let q be (-123)/(-39) - 8/52. What is c(q)?
5
Let q(o) = -1 + 0 - 3*o + 1 + 2. Let d(h) = 13*h - 9. Let r(m) = m**3 - 3*m - 2. Let l be r(-2). Let k(z) = l*d(z) - 18*q(z). Determine k(-4).
-8
Suppose 3*s - 18 = -4*t, 5*t - 5 = 2*s + 3*s. Let x(d) be the second derivative of 0*d**s + 0 - 2*d + 1/6*d**3. Calculate x(-4).
-4
Suppose 10 - 34 = 6*s. Let t(r) = -r**2 - 2*r + 4. Determine t(s).
-4
Suppose -d - 4 = 4*d - 3*n, 5*n = -3*d + 18. Let c be d + 6 + (-3 - 0). Let p(w) = -w. What is p(c)?
-4
Let m(z) = z**3 + z**2 - 2*z. Let r be m(0). Let y(n) = -n**3 + n**2 + n - 4. Determine y(r).
-4
Let p(t) be the second derivative of -2*t**5/5 - t**4/6 + t**2/2 - 12*t. What is p(1)?
-9
Let z(u) = -2 - 6 + 6*u - 5*u + 7. What is z(9)?
8
Let p(x) be the first derivative of -x**4/4 + 14*x**3/3 - 6*x**2 - 13*x + 1. Let a be p(13). Let w(b) = -b**2 + b + 10. Give w(a).
10
Let y(g) = -34 - 42 + 66 + g**2. What is y(0)?
-10
Suppose -2*j - l = -39, 5*j - 88 = j - 4*l. Suppose 3*d + t - 17 = 0, 4*t = d + 4*d - j. Let w(z) = z**3 - 5*z**2 - z + 4. Determine w(d).
-1
Let h(y) = 2*y - 13. Let q be h(6). Let m(u) = -5*u - 1. What is m(q)?
4
Let n(p) be the third derivative of p**7/420 - p**6/360 + p**5/120 - p**4/24 - p**3/3 + p**2. Let o(y) be the first derivative of n(y). What is o(1)?
1
Let l(w) be the first derivative of 3*w**2/2 + 5*w - 1. Let d(z) be the second derivative of -z**3/3 - 3*z**2/2 + 4*z. Let b(f) = 5*d(f) + 3*l(f). Give b(-3).
3
Suppose -3*m = -2 - 4. Let w be (-3)/1 + 5 - m. Suppose -2*s - s = w. Let h(t) = t**2 - t + 8. Give h(s).
8
Suppose 5*s = -2*w + 11, 0*s + 4 = 4*s + 4*w. Let q(z) be the first derivative of -1/4*z**4 + 5/2*z**2 + 2*z - z**s - 2. Give q(-4).
-2
Let p = -3 - -5. Let u(k) = -1 - 2*k**p + 4*k**2 + 0 - 2*k + 10*k**2. Give u(-1).
13
Let n be 1*1/3*0. Let t(v) = -v**2 - 15. Determine t(n).
-15
Suppose -3*x = -2*x + 6. Let r(s) = s**2 + 6*s - 1. What is r(x)?
-1
Let n(d) = -d**3 + 3*d**2 - 2*d. Let q be n(2). Let k(c) be the second derivative of c**4/12 + c**3/6 - 3*c**2 - 2*c. What is k(q)?
-6
Suppose -4*u = u + 2*v - 19, -5*u + 11 = -2*v. Let g(a) = -u + 2*a + 6 - 4. Determine g(-4).
-9
Let i(a) = -a + 7. Suppose 5*k - 2*g - 46 = g, -4*k + 36 = -2*g. Let c be 0 + (-1)/((-2)/k). Suppose 13 = 3*f + 5*u, 2*f - c*u = 23 - 7. Determine i(f).
1
Let q(u) = -5*u**2 + 3*u**3 - 7 + 10*u**2 - 4*u**3 + 6*u. Calculate q(6).
-7
Let w be -2*(-1 - (0 - 2)). Let f(y) be the first derivative of 3 + y + 3/2*y**2. Determine f(w).
-5
Let y be (-4 - 1)*8/10. Let z(t) be the second derivative of 2*t**2 + 0 + 1/2*t**3 + 4*t. What is z(y)?
-8
Let q(l) = -4*l**3 - 2*l**2 + l - 5. Let p(o) = -2*o + 9*o**3 + o - o + 5*o**2 + 11 + 0*o. Let s(u) = -3*p(u) - 7*q(u). Calculate s(2).
4
Let b(q) be the second derivative of q**3/2 - 2*q**2 - 12*q. Let l = -3 - -6. Calculate b(l).
5
Let a(y) = 6*y**2 + 4*y - 5. Let c(o) = -2*o**2 - o + 2. Let l(t) = 4*a(t) + 11*c(t). Calculate l(-3).
5
Let i(v) = 5*v**2 + 198 + 197 + v**3 - 401 + 0*v**3 + v. Determine i(-5).
-11
Let m(c) be the third derivative of -c**6/120 + c**5/60 + c**4/24 - c**3/2 + c**2. Suppose 3*t = t. What is m(t)?
-3
Let d(w) = -2 + 0*w**2 - 6*w + 8*w + w**2. What is d(-4)?
6
Let x(g) be the first derivative of 5*g**4/4 - g**3/3 + g**2/2 + g + 2. Let d = 3 + -9. Let y = -7 - d. Give x(y).
-6
Let j(x) = -3*x + 1. Suppose z = 5*r - 0*r + 31, -5*z + 17 = -2*r. Let a = -8 - r. What is j(a)?
7
Let k(q) = -q**3 + 3*q**2 + 3*q - 5. Suppose 2*d - 3 = 5*h, 2*h + 18 = 4*d + 4*h. What is k(d)?
-9
Let m(l) = -5*l + 8. Let d = -61 + 68. Give m(d).
-27
Let p(v) = -4 - 5 + 6 - 3 + 3*v. What is p(5)?
9
Suppose -2 = 2*q - 6. Let p(j) be the first derivative of j**4/2 - j**3 + 3*j**2/2 - j + 1. Give p(q).
9
Let g(h) be the third derivative of h**6/120 + 2*h**5/15 + h**4/6 - h**3 - 12*h**2. What is g(-7)?
15
Let i(t) = -t. Let h be (0 - (4 - 1)) + 0. Let g be (2/6)/(h/(-9)). Determine i(g).
-1
Let r be 2 + 0/3 + 0. Suppose r*j = -0 + 2. Let s(g) = 7 + j + 7 - 10 + 3*g. Give s(-4).
-7
Let a(r) be the second derivative of 0 - 1/3*r**4 - 4*r - 5/6*r**3 + 5/2*r**2 + 1/20*r**5. Determine a(5).
5
Let t(k) be the second derivative of -k**6/120 + k**5/30 + 3*k**2/2 - 2*k. Let r(u) be the first derivative of t(u). Give r(2).
0
Suppose 3*m = 5 + 10, -4*z + 37 = 5*m. Let q(g) = g - 4. What is q(z)?
-1
Let y(j) = 3 + 3*j + 0*j - 3*j - 5*j**2 - 7*j - 3*j**3. Let z(c) = -4*c**3 - 8*c**2 - 11*c + 4. Let w(r) = -7*y(r) + 5*z(r). What is w(6)?
-1
Let r(u) = -u**2 - 12*u + 3. Let j be r(-12). Suppose j*d = -6 - 6. Let w(v) = v**3 + 4*v**2 + 2*v + 4. Give w(d).
-4
Let p(q) = 0*q**2 + 3*q**2 - 2*q**2 + q. Determine p(-2).
2
Suppose 0 = 2*l - 2*b - 0*b + 4, -l - 7 = -2*b. Let v = l + -2. Suppose v = -5*z - 4. Let s(y) = 2*y**3 + y**2 + y. Give s(z).
-2
Let u = -2 - 1. Let x(i) = 9*i - 4*i - 29*i**2 + 30*i**